ctor of 18 and j.
18
Let z(q) = q**2 + 4*q - 5. Let t be z(2). Calculate the highest common factor of 189 and t.
7
Suppose -3*c - 17 = -3*f + 16, -5*f - 2*c = -34. Calculate the highest common factor of 12 and f.
4
Let q(o) = -o**3 + 8*o**2 - 6*o + 23. Let p be q(6). What is the greatest common factor of p and 177?
59
Let w(b) = -30*b + 20. Let p be w(0). Calculate the highest common divisor of 340 and p.
20
Suppose c = 4*z + 153, 6*z + 509 = 3*c + 4*z. Let g = c - 75. Let y = -2 + 16. What is the greatest common divisor of y and g?
14
Let v be (-2)/(-1 - 2/(-6)). Let f be 804/18 - (-1)/v. Let b be (-5)/3*(-612)/68. Calculate the highest common divisor of b and f.
15
Let b be 102/14 - (99/77 + -1). Suppose 2*r - 5 = -3*l, -5*l + 21 - 71 = -5*r. What is the greatest common factor of b and r?
7
Let i be -36*((-10)/15 + (-28)/6). Suppose -n = -2*n + i. Calculate the greatest common factor of n and 12.
12
Suppose 2*b = 22 - 4. Suppose -2*c - 8 = 4*k, 3*k - b = 2*c + 6*k. Let d be 5 + -4 + c/(-2). Calculate the greatest common divisor of 6 and d.
2
Let c(i) be the first derivative of i**3/3 - 6*i**2 - 3. Let o be c(14). Let l = 127 + -57. Calculate the highest common factor of l and o.
14
Let g(u) = -3*u**3 - 7*u**2 - 7*u - 20. Let k be g(-5). Suppose 312 = 3*n + c, 4*c + 7 + k = 2*n. What is the highest common divisor of 21 and n?
21
Suppose 0*x + 4*x = 3*h - 82, 2*h - 5*x = 43. Let f = 7 + -5. Let u = h + f. Calculate the highest common factor of u and 12.
12
Suppose -q + 385 = 4*q. Let y(m) = -m**3 - 8*m**2 - 10*m + 23. Let w be y(-6). Calculate the greatest common factor of w and q.
11
Let s be 18/(-12)*(-476)/21. Calculate the highest common divisor of 238 and s.
34
Let f = 317 - 295. Suppose z - 3*o = -2*z - 9, o - 5 = 0. What is the greatest common factor of z and f?
2
Suppose -5871 - 1201 = -13*c. What is the greatest common factor of c and 34?
34
Suppose 5*l + 74 = 229. Let a be 0 + 562/18 + (-446)/2007. Calculate the greatest common factor of l and a.
31
Suppose -5*h - 229 = 4*d - 8*d, -5*d + 280 = -5*h. What is the greatest common factor of 27 and d?
3
Suppose -22*a - 33 - 11 = 0. Let g(b) = 3 - 5*b - 3 + 2. Let j be g(a). What is the greatest common factor of j and 132?
12
Let f = 84 - 56. Let a be (441/(-6))/7*4/(-6). Calculate the greatest common factor of a and f.
7
Suppose 0*w - 3*w = -12. Suppose -5*c = w*n - 221, 3*n + 3*c = 4*n - 34. Let f be ((-5)/2 - 1)*-2. Calculate the highest common divisor of f and n.
7
Let y(v) = -v**3 + 8*v**2 - 4*v - 13. Let r = 20 - 13. Let d be y(r). What is the highest common factor of d and 56?
8
Let q = 1495 - 1439. Suppose -2*y = y. Let b(n) = n**3 - n**2 - n + 7. Let a be b(y). Calculate the highest common divisor of a and q.
7
Let v be (-44076)/(-42) + 8*2/28. What is the highest common divisor of v and 42?
42
Suppose -5*x = 3*g - 30, 4*x - 2*x - 13 = -g. Let j be (-4 - 16/(-28))/((-2)/21). What is the greatest common factor of x and j?
9
Let t(j) = -15*j + 56. Let g be t(3). Calculate the greatest common divisor of g and 616.
11
Let d be 0 - ((-4)/(-5))/(18/(-90)). Calculate the highest common factor of d and 61.
1
Suppose -3*h - 114 = u - 2353, 0 = -h + 4*u + 768. What is the highest common divisor of h and 68?
68
Let v(g) = g**2 - 6*g + 13. Let y be v(-9). What is the greatest common divisor of y and 4?
4
Suppose -2*a - 2695 = -5*w, 18*w - 14*w + 4*a = 2156. Calculate the highest common factor of 11 and w.
11
Let c(l) = -89*l + 373. Let m be c(-3). What is the greatest common factor of m and 10?
10
Let b be (-1 + -1144)/(-5) + (18 - 15). Suppose -4*a + 2*a = -116. What is the highest common divisor of b and a?
58
Let b be 3/2*(-24)/(-9). Suppose -9 = -b*h - 1, -2*m = -3*h - 94. Let l = -143 - -163. Calculate the greatest common divisor of l and m.
10
Let s(j) = -24*j**3 + 2*j**2 - 1. Let o be s(-1). Calculate the greatest common divisor of 625 and o.
25
Let y(u) = 12*u**2 - 2*u + 4. Let w be y(2). Suppose -36 = -6*z + w. What is the highest common factor of 154 and z?
14
Let r(y) = -2*y**3 + 30*y**2 + 2*y - 8. Let z be r(15). Calculate the highest common factor of z and 286.
22
Let a = -191 + 193. What is the greatest common factor of 7 and a?
1
Let u(h) = 2*h**3 - h**2 + h. Let a = -6 + 4. Let s be u(a). Let i be (-708)/s + (-14)/77. Calculate the greatest common factor of 160 and i.
32
Suppose -61 = -a + 19. Calculate the greatest common divisor of a and 5.
5
Let z = 23 - 24. Let r be (-1224)/54*(z/2 - 1). What is the highest common divisor of r and 34?
34
Suppose -5*h = t - 426, -t + 2*h = -260 - 152. What is the highest common divisor of t and 26?
26
Let b(p) be the third derivative of p**5/60 - 17*p**4/24 - p**3/2 - 9*p**2. Let z be b(18). Calculate the highest common factor of z and 75.
15
Let l(w) = 2*w**3 - 1. Let h be l(1). Let j = h + 3. Let s be (22 - 4) + (j - 1). What is the highest common divisor of s and 7?
7
Let k be -2 + (-6)/(-4)*(-32)/(-12). Let m be k/4 - 14/(-4). Calculate the greatest common divisor of m and 28.
4
Suppose 144*f - t = 141*f + 13, -3*t = 3. Let h(a) = 2*a - 6. Let p be h(6). What is the highest common factor of f and p?
2
Let q be (-32)/(-6) + 1/(-3). Let g be 18 + 11/(-4) + 2/(-8). What is the greatest common factor of g and q?
5
Suppose 0 = 3*k + 29 - 92. Let a(d) = -3*d - 43. Let g be a(-15). Suppose -g*n - 2 = -44. Calculate the greatest common factor of n and k.
21
Let y = 241 + -25. Let b = -5 + 28. Suppose -73 = -4*j + b. Calculate the greatest common divisor of j and y.
24
Let c be 2/(((-5)/(-2))/(145/116)). Calculate the greatest common divisor of 17 and c.
1
Let i = 949 + -940. What is the highest common divisor of 144 and i?
9
Suppose 3*l + h + 13 = 0, -4*h - 5 = 5*l + 5. Let b be 1/2*(4 - 2*l). What is the highest common divisor of 40 and b?
8
Let m = 2 - -6. Let u(o) be the second derivative of o**3/3 - 13*o**2/2 - 7*o. Let s be u(m). Calculate the greatest common factor of s and 21.
3
Suppose -2788*t - 354 = -2805*t + 88. Let k = 48 + 43. What is the highest common factor of k and t?
13
Suppose k + o - 118 = 0, -4*k + 339 = -o - 128. What is the highest common divisor of 104 and k?
13
Let l = 15 - 38. Let c = -7 - l. Let b = -10 + c. Calculate the highest common factor of 9 and b.
3
Suppose -5*q = 5, -5*q + 150 = 25*v - 20*v. Suppose 1095 = 5*x - 5*w, 5*x + 3*w - 1079 = -0*w. Calculate the highest common factor of x and v.
31
Suppose -5*o + 50 = 4*z - 89, -30 = -o - 3*z. Suppose 4*p = p + o. Calculate the greatest common factor of p and 9.
9
Let r = -85 + 317. Calculate the greatest common divisor of r and 29.
29
Suppose -4*y + 9*y = 145. Let l = 204 - 59. What is the greatest common factor of y and l?
29
Let j(g) = 261*g**2 + 10*g + 2. Let m be j(2). Calculate the greatest common divisor of m and 82.
82
Let c be ((-8800)/(-770))/((-4)/(-518)). What is the highest common divisor of c and 80?
40
Let f(p) = p**3 - 7*p**2 + 14*p - 12. Let n be f(5). Calculate the greatest common divisor of 8 and n.
8
Let h be 210/1785 - (-26178)/17. What is the greatest common divisor of h and 70?
70
Let i be ((-441)/(-3))/1 + 0. Let g be 7/(i/930) - 4/14. Calculate the greatest common factor of 4 and g.
4
Let t = -39 + 44. Suppose 2*q - 23 = -t. Calculate the highest common divisor of q and 27.
9
Let u(k) = k**2 + 20*k + 36. Let y be u(-18). Let o be (-130)/(-2) - (-2 + 3). Suppose -2*r + r + o = y. What is the highest common factor of 16 and r?
16
Let u be (7*(-2)/(-3))/((-6)/(-27)). Suppose 0*j + 2*j = 28. What is the greatest common divisor of j and u?
7
Let h = -5 - -65. Calculate the highest common divisor of h and 15.
15
Let i be ((-53)/1)/(3 + -4). Suppose -i = -3*j - 5*d + 4*d, -7 = -j + 5*d. Calculate the highest common divisor of j and 85.
17
Suppose -4*r + 16 = 0, 4*y - 9 = 5*r + 7. Let v(i) = 10*i**2 - 51*i - 16. Let g be v(7). Calculate the highest common factor of y and g.
9
Suppose 2 = l - 1, -l + 7 = 2*m. Let k be (12 - 5)*1*m. Let z = -36 + 38. Calculate the highest common factor of k and z.
2
Let j be -12*(-1)/6*-8. Let t(v) = -v**2 - 17*v - 8. Let w be t(j). Let f = 11 - w. Calculate the highest common factor of 1 and f.
1
Suppose -4*x = -9*x - 2*w + 2475, 5*x - 2475 = 3*w. What is the highest common factor of x and 110?
55
Let b(l) = l**